{"id":2964,"date":"2020-03-20T14:17:02","date_gmt":"2020-03-20T14:17:02","guid":{"rendered":"https:\/\/demo.creativethemes.com\/blocksy\/blog\/?page_id=2964"},"modified":"2025-12-16T01:58:57","modified_gmt":"2025-12-16T00:58:57","slug":"konkurs-prace-dyplomowe","status":"publish","type":"page","link":"https:\/\/ptzp.org.pl\/index.php\/konkurs-prace-dyplomowe\/","title":{"rendered":"Konkurs na najlepsz\u0105 prac\u0119 dyplomow\u0105"},"content":{"rendered":"\n<p>Konkurs obejmuje prace dyplomowe obronione w wy\u017cszych uczelniach krajowych, na kierunku <strong>Zarz\u0105dzanie i In\u017cynieria Produkcji (ZIP)<\/strong>, a w oddzia\u0142ach, kt\u00f3re nie posiadaj\u0105 ZIP, na kierunkach <strong>In\u017cynieria Produkcji i Zarz\u0105dzania (IPIZ)<\/strong> lub <strong>Zarz\u0105dzanie<\/strong>. Przez prace dyplomowe nale\u017cy rozumie\u0107 prace licencjackie, in\u017cynierskie i magisterskie. Konkurs przeprowadzany jest w poszczeg\u00f3lnych oddzia\u0142ach PTZP, a przewodnicz\u0105cymi komisji konkursowych s\u0105&nbsp;przewodnicz\u0105cy oddzia\u0142\u00f3w PTZP.<\/p>\n\n\n\n<p><\/p>\n\n\n\n<p>Zmodyfikowany Regulamin Konkursu &#8211; <a href=\"https:\/\/ptzp.org.pl\/wp-content\/uploads\/2025\/12\/Regulamin_konkursu_PTZP-2026.pdf\" data-type=\"attachment\" data-id=\"3639\">PDF<\/a><\/p>\n\n\n\n<ul class=\"wp-block-list\">\n<li>Za\u0142\u0105cznik nr 1 (dane o autorze pracy) &#8211; <a href=\"https:\/\/ptzp.org.pl\/wp-content\/uploads\/2023\/07\/Regulamin_konkursu_PTZP_Zal_1.doc\" data-type=\"attachment\" data-id=\"3640\">DOC<\/a><\/li>\n\n\n\n<li>Za\u0142\u0105cznik nr 2 (arkusz recenzji) &#8211; <a href=\"https:\/\/ptzp.org.pl\/wp-content\/uploads\/2025\/05\/Regulamin_konkursu_PTZP_Zal_2.doc\" data-type=\"attachment\" data-id=\"3641\">DOC<\/a><\/li>\n\n\n\n<li>Zmodyfikowany Za\u0142\u0105cznik nr 3 (protok\u00f3\u0142 z posiedzenia komisji konkursowej) &#8211; <a href=\"https:\/\/ptzp.org.pl\/wp-content\/uploads\/2025\/12\/Regulamin_konkursu_PTZP2026_Zal_3.docx\" data-type=\"attachment\" data-id=\"3642\">DOC <\/a><\/li>\n<\/ul>\n\n\n\n<ul class=\"wp-block-list\">\n<li><a href=\"https:\/\/ptzp.org.pl\/index.php\/wyniki-konkursu-na-najlepsza-prace-dyplomowa-2025\/\" data-type=\"link\" data-id=\"https:\/\/ptzp.org.pl\/index.php\/wyniki-konkursu-na-najlepsza-prace-dyplomowa-2025\/\">Wyniki konkursu w Oddzia\u0142ach PTZP w roku 2025<\/a><\/li>\n<\/ul>\n\n\n\n<div class=\"wp-block-group is-horizontal is-content-justification-left is-nowrap is-layout-flex wp-container-core-group-is-layout-8ad9adab wp-block-group-is-layout-flex\">\n<p class=\"has-small-font-size\"><em>Data aktualizacji: <\/em><\/p>\n\n\n<div class=\"wp-block-post-date__modified-date wp-block-post-date has-small-font-size\"><time datetime=\"2025-12-16T01:58:57+01:00\">2025-12-16<\/time><\/div><\/div>\n\n\n\n\n\n<p><\/p>\n","protected":false},"excerpt":{"rendered":"<p>Konkurs obejmuje prace dyplomowe obronione w wy\u017cszych uczelniach krajowych, na kierunku Zarz\u0105dzanie i In\u017cynieria Produkcji (ZIP), a w oddzia\u0142ach, kt\u00f3re nie posiadaj\u0105 ZIP, na kierunkach In\u017cynieria Produkcji i Zarz\u0105dzania (IPIZ) lub Zarz\u0105dzanie. Przez prace dyplomowe nale\u017cy rozumie\u0107 prace licencjackie, in\u017cynierskie i magisterskie. Konkurs przeprowadzany jest w poszczeg\u00f3lnych oddzia\u0142ach PTZP, a przewodnicz\u0105cymi komisji konkursowych s\u0105&nbsp;przewodnicz\u0105cy oddzia\u0142\u00f3w [&hellip;]<\/p>\n","protected":false},"author":1,"featured_media":3768,"parent":0,"menu_order":0,"comment_status":"closed","ping_status":"closed","template":"","meta":{"_eb_attr":"","footnotes":""},"class_list":["post-2964","page","type-page","status-publish","has-post-thumbnail","hentry"],"blocksy_meta":{"styles_descriptor":{"styles":{"desktop":"","tablet":"","mobile":""},"google_fonts":[],"version":6}},"featured_image_urls_v2":{"full":["https:\/\/ptzp.org.pl\/wp-content\/uploads\/2023\/10\/Slide-1-3.png",1024,576,false],"thumbnail":["https:\/\/ptzp.org.pl\/wp-content\/uploads\/2023\/10\/Slide-1-3-150x150.png",150,150,true],"medium":["https:\/\/ptzp.org.pl\/wp-content\/uploads\/2023\/10\/Slide-1-3-300x169.png",300,169,true],"medium_large":["https:\/\/ptzp.org.pl\/wp-content\/uploads\/2023\/10\/Slide-1-3-768x432.png",768,432,true],"large":["https:\/\/ptzp.org.pl\/wp-content\/uploads\/2023\/10\/Slide-1-3.png",1024,576,false],"1536x1536":["https:\/\/ptzp.org.pl\/wp-content\/uploads\/2023\/10\/Slide-1-3.png",1024,576,false],"2048x2048":["https:\/\/ptzp.org.pl\/wp-content\/uploads\/2023\/10\/Slide-1-3.png",1024,576,false]},"post_excerpt_stackable_v2":"<p>Konkurs obejmuje prace dyplomowe obronione w wy\u017cszych uczelniach krajowych, na kierunku Zarz\u0105dzanie i In\u017cynieria Produkcji (ZIP), a w oddzia\u0142ach, kt\u00f3re nie posiadaj\u0105 ZIP, na kierunkach In\u017cynieria Produkcji i Zarz\u0105dzania (IPIZ) lub Zarz\u0105dzanie. Przez prace dyplomowe nale\u017cy rozumie\u0107 prace licencjackie, in\u017cynierskie i magisterskie. Konkurs przeprowadzany jest w poszczeg\u00f3lnych oddzia\u0142ach PTZP, a przewodnicz\u0105cymi komisji konkursowych s\u0105&nbsp;przewodnicz\u0105cy oddzia\u0142\u00f3w PTZP. Zmodyfikowany Regulamin Konkursu &#8211; PDF Za\u0142\u0105cznik nr 1 (dane o autorze pracy) &#8211; DOC Za\u0142\u0105cznik nr 2 (arkusz recenzji) &#8211; DOC Zmodyfikowany Za\u0142\u0105cznik nr 3 (protok\u00f3\u0142 z posiedzenia komisji konkursowej) &#8211; DOC Wyniki konkursu w Oddzia\u0142ach PTZP w roku 2025 Data aktualizacji: 2025-12-16<\/p>\n","category_list_v2":"","author_info_v2":{"name":"Webmaster","url":"https:\/\/ptzp.org.pl\/index.php\/author\/webmaster\/"},"comments_num_v2":"0 comments","_links":{"self":[{"href":"https:\/\/ptzp.org.pl\/index.php\/wp-json\/wp\/v2\/pages\/2964","targetHints":{"allow":["GET"]}}],"collection":[{"href":"https:\/\/ptzp.org.pl\/index.php\/wp-json\/wp\/v2\/pages"}],"about":[{"href":"https:\/\/ptzp.org.pl\/index.php\/wp-json\/wp\/v2\/types\/page"}],"author":[{"embeddable":true,"href":"https:\/\/ptzp.org.pl\/index.php\/wp-json\/wp\/v2\/users\/1"}],"replies":[{"embeddable":true,"href":"https:\/\/ptzp.org.pl\/index.php\/wp-json\/wp\/v2\/comments?post=2964"}],"version-history":[{"count":26,"href":"https:\/\/ptzp.org.pl\/index.php\/wp-json\/wp\/v2\/pages\/2964\/revisions"}],"predecessor-version":[{"id":4309,"href":"https:\/\/ptzp.org.pl\/index.php\/wp-json\/wp\/v2\/pages\/2964\/revisions\/4309"}],"wp:featuredmedia":[{"embeddable":true,"href":"https:\/\/ptzp.org.pl\/index.php\/wp-json\/wp\/v2\/media\/3768"}],"wp:attachment":[{"href":"https:\/\/ptzp.org.pl\/index.php\/wp-json\/wp\/v2\/media?parent=2964"}],"curies":[{"name":"wp","href":"https:\/\/api.w.org\/{rel}","templated":true}]}}