{"id":3228,"date":"2023-03-19T13:17:33","date_gmt":"2023-03-19T12:17:33","guid":{"rendered":"https:\/\/nowa.ptzp.org.pl\/?page_id=3228"},"modified":"2026-03-03T10:31:39","modified_gmt":"2026-03-03T09:31:39","slug":"oddzialy","status":"publish","type":"page","link":"https:\/\/ptzp.org.pl\/index.php\/oddzialy\/","title":{"rendered":"Oddzia\u0142y PTZP"},"content":{"rendered":"\n<figure class=\"wp-block-table alignleft is-style-stripes has-small-font-size\"><table><thead><tr><th class=\"has-text-align-left\" data-align=\"left\">Oddzia\u0142<\/th><th class=\"has-text-align-center\" data-align=\"center\">Rok utw.<\/th><th class=\"has-text-align-left\" data-align=\"left\">Siedziba<\/th><th class=\"has-text-align-left\" data-align=\"left\">Przewodnicz\u0105ca\/cy<\/th><\/tr><\/thead><tbody><tr><td class=\"has-text-align-left\" data-align=\"left\">Oddzia\u0142 PTZP w Bia\u0142ymstoku<strong><\/strong><\/td><td class=\"has-text-align-center\" data-align=\"center\">2004<\/td><td class=\"has-text-align-left\" data-align=\"left\">Politechnika Bia\u0142ostocka<br>Wydzia\u0142 In\u017cynierii Zarz\u0105dzania<br>Katedra Zarz\u0105dzania Produkcj\u0105<br>ul. o. Stefana Tarasiuka 2<br>16-001 Kleosin &#8211; Bia\u0142ystok<\/td><td class=\"has-text-align-left\" data-align=\"left\">dr hab. in\u017c. Olga Orynycz, prof. PB<br>tel. 85 746 9840<br><a href=\"mailto:o.orynycz@pb.edu.pl\">o.orynycz@pb.edu.pl<\/a><br><\/td><\/tr><tr><td class=\"has-text-align-left\" data-align=\"left\">Oddzia\u0142 PTZP w Bielsku-Bia\u0142ej<\/td><td class=\"has-text-align-center\" data-align=\"center\">1999<\/td><td class=\"has-text-align-left\" data-align=\"left\">Katedra In\u017cynierii Produkcji<br>Uniwersytet Bielsko-Bialski<br>ul. Willowa 2<br>43-309 Bielsko-Bia\u0142a<\/td><td class=\"has-text-align-left\" data-align=\"left\">dr in\u017c. Dorota Wi\u0119cek <br>tel. (033) 827 92 34<br><a href=\"mailto:dwiecek@ubb.edu.pl\" data-type=\"mailto\" data-id=\"mailto:dwiecek@ath.bielsko.pl\">dwiecek(at)ubb.edu.pl<\/a><\/td><\/tr><tr><td class=\"has-text-align-left\" data-align=\"left\">Oddzia\u0142 PTZP w Bydgoszczy<\/td><td class=\"has-text-align-center\" data-align=\"center\">2000<\/td><td class=\"has-text-align-left\" data-align=\"left\">Wydzia\u0142 Zarz\u0105dzania<br>Politechnika Bydgoska<br>ul. Prof. S.Kaliskiego 7<br>85-789 Bydgoszcz<\/td><td class=\"has-text-align-left\" data-align=\"left\">dr in\u017c. Wojciech \u017barski <br>tel. 608&nbsp;391 165&nbsp;&nbsp;&nbsp;&nbsp;&nbsp;<br><a href=\"mailto:wald@atr.bydgoszcz.pl\" data-type=\"mailto\" data-id=\"mailto:wald@atr.bydgoszcz.pl\">wojciech.zarski(at)pbs.edu.pl<\/a><\/td><\/tr><tr><td class=\"has-text-align-left\" data-align=\"left\">Oddzia\u0142 PTZP w Cz\u0119stochowie<\/td><td class=\"has-text-align-center\" data-align=\"center\">2001<\/td><td class=\"has-text-align-left\" data-align=\"left\">Instytut Zarz\u0105dzania Produkcj\u0105<br>Politechnika Cz\u0119stochowska<br>al. Armii Krajowej 19 paw. B<br>42-200 Cz\u0119stochowa<\/td><td class=\"has-text-align-left\" data-align=\"left\">dr in\u017c. Cezary Kolmasiak <br>tel. (034) 32 50 771<br><a href=\"mailto:kolmasiak.cazary@wip.pcz.pl\" data-type=\"mailto\" data-id=\"mailto:kolmasiak.cazary@wip.pcz.pl\">kolmasiak.cezary(at)wip.pcz.pl<\/a><\/td><\/tr><tr><td class=\"has-text-align-left\" data-align=\"left\">Oddzia\u0142 PTZP w Legnicy (Dolno\u015bl\u0105ski)<\/td><td class=\"has-text-align-center\" data-align=\"center\">2021<\/td><td class=\"has-text-align-left\" data-align=\"left\">Wydzia\u0142 Nauk Technicznych i Ekonomicznych<br>Collegium Witelona Uczelnia Pa\u0144stwowa<br>ul. Sejmowa 5C<br>59-220 Legnica<\/td><td class=\"has-text-align-left\" data-align=\"left\">dr in\u017c. Daniel Medy\u0144ski<br>tel. (076) 723 23 25<br><a href=\"mailto:medynskid@pwsz.legnica.edu.pl\" data-type=\"mailto\" data-id=\"mailto:medynskid@pwsz.legnica.edu.pl\">daniel.medynski(at)collegiumwitelona.pl<\/a><\/td><\/tr><tr><td class=\"has-text-align-left\" data-align=\"left\">Oddzia\u0142 PTZP w Gda\u0144sku<\/td><td class=\"has-text-align-center\" data-align=\"center\">2000<\/td><td class=\"has-text-align-left\" data-align=\"left\">Wydzia\u0142 Zarz\u0105dzania i Ekonomii<br>Politechnika Gda\u0144ska<br>ul. Narutowicza 11\/12<br>80-952 Gda\u0144sk<\/td><td class=\"has-text-align-left\" data-align=\"left\">dr hab. in\u017c. Piotr Grudowski <br>tel. (058) 347 23 79<br><a href=\"mailto:pgrudows@pg.gda.pl\" data-type=\"mailto\" data-id=\"mailto:pgrudows@pg.gda.pl\">pgrudows(at)pg.gda.pl<\/a><\/td><\/tr><tr><td class=\"has-text-align-left\" data-align=\"left\">Oddzia\u0142 PTZP w Gliwicach<\/td><td class=\"has-text-align-center\" data-align=\"center\">1999<\/td><td class=\"has-text-align-left\" data-align=\"left\">Instytut Automatyzacji Proces\u00f3w Technologicznych i Zintegrowanych System\u00f3w Wytwarzania<br>Politechnika \u015al\u0105ska<br>ul. Konarskiego 18a<br>44-100 Gliwice<\/td><td class=\"has-text-align-left\" data-align=\"left\">dr hab. in\u017c. Aleksander Gwiazda<br>tel. (032) 237 16 03<br><a href=\"mailto:aleksander.gwiazda@polsl.pl\" data-type=\"mailto\" data-id=\"mailto:aleksander.gwiazda@polsl.pl\">aleksander.gwiazda<\/a>(at)polsl.pl<\/td><\/tr><tr><td class=\"has-text-align-left\" data-align=\"left\">Oddzia\u0142 PTZP w Katowicach<\/td><td class=\"has-text-align-center\" data-align=\"center\">2000<\/td><td class=\"has-text-align-left\" data-align=\"left\">Wydzia\u0142 In\u017cynierii Materia\u0142owej i Metalurgii<br>Politechnika \u015al\u0105ska<br>ul. Krasi\u0144skiego 8<br>40-019 Katowice<\/td><td class=\"has-text-align-left\" data-align=\"left\">dr in\u017c. Sandra Grabowska<br>tel. +48 32 603 43 41<br><a href=\"mailto:sandra.grabowska@polsl.pl\" data-type=\"mailto\" data-id=\"mailto:sandra.grabowska@polsl.pl\">sandra.grabowska<\/a><a href=\"mailto:dwiecek@ath.bielsko.pl\" data-type=\"mailto\" data-id=\"mailto:dwiecek@ath.bielsko.pl\">(at)<\/a>polsl.pl<\/td><\/tr><tr><td class=\"has-text-align-left\" data-align=\"left\"><a href=\"https:\/\/ptzp.tu.kielce.pl\/\">Oddzia\u0142 PTZP w Kielcach<\/a><\/td><td class=\"has-text-align-center\" data-align=\"center\">1999<\/td><td class=\"has-text-align-left\" data-align=\"left\">Wydzia\u0142 Zarz\u0105dzania i Modelowania Komputerowego<br>Katedra In\u017cynierii Produkcji<br>Politechnika \u015awi\u0119tokrzyska<br>Al. Tysi\u0105clecia Pa\u0144stwa Polskiego 7, Budynek C<br>25-314 Kielce<\/td><td class=\"has-text-align-left\" data-align=\"left\">dr in\u017c. S\u0142awomir Lu\u015bci\u0144ski<br>tel. (041) 342 43 78<br><a href=\"mailto:slawomir.luscinski@tu.kielce.pl\" data-type=\"mailto\" data-id=\"mailto:slawomir.luscinski@tu.kielce.pl\">slawomir.luscinski<\/a>(at)tu.kielce.pl<\/td><\/tr><tr><td class=\"has-text-align-left\" data-align=\"left\">Oddzia\u0142 PTZP w Koszalinie<\/td><td class=\"has-text-align-center\" data-align=\"center\">1999<\/td><td class=\"has-text-align-left\" data-align=\"left\">Katedra In\u017cynierii Produkcji<br>Politechnika Koszali\u0144ska<br>ul. Rac\u0142awicka 15-17<br>75-720 Koszalin<\/td><td class=\"has-text-align-left\" data-align=\"left\">prof. dr hab. in\u017c. Krzysztof Nadolny<br>tel. (094) 347 84 12<br><a href=\"mailto:krzysztof.nadolny@tu.koszalin.pl\" data-type=\"mailto\" data-id=\"mailto:krzysztof.nadolny@tu.koszalin.pl\">krzysztof.nadoln<\/a>y(at)tu.koszalin.pl<\/td><\/tr><tr><td class=\"has-text-align-left\" data-align=\"left\">Oddzia\u0142 PTZP w Krakowie<\/td><td class=\"has-text-align-center\" data-align=\"center\">2001<\/td><td class=\"has-text-align-left\" data-align=\"left\">Instytut Technologii Maszyn i Automatyzacji Produkcji<br>Politechnika Krakowska<br>al. Jana Paw\u0142a II 37<br>31-864 Krak\u00f3w<br><\/td><td class=\"has-text-align-left\" data-align=\"left\">dr in\u017c. Anna Boraty\u0144ska-Sala<br>pok. C215, tel. (012) 374 32 83<br><a href=\"mailto:boratynska@mech.pk.edu.pl\" data-type=\"mailto\" data-id=\"mailto:boratynska@mech.pk.edu.pl\">boratynska<\/a>(at)mech.pk.edu.pl<\/td><\/tr><tr><td class=\"has-text-align-left\" data-align=\"left\"><a href=\"http:\/\/www.itsi.pollub.pl\/ptzp\/\">Oddzia\u0142 PTZP w Lublinie<\/a><\/td><td class=\"has-text-align-center\" data-align=\"center\">1999<\/td><td class=\"has-text-align-left\" data-align=\"left\">Instytut Technologicznych System\u00f3w Informacyjnych<br>Politechnika Lubelska<br>ul.Nadbystrzycka 36<br>20-618 Lublin<\/td><td class=\"has-text-align-left\" data-align=\"left\">prof. dr hab. in\u017c. Antoni \u015awi\u0107<br>tel. (081) 538 45 86<br><a href=\"mailto:a.swic@pollub.pl\" data-type=\"mailto\" data-id=\"mailto:a.swic@pollub.pl\">a.swic<\/a>(at)pollub.pl<\/td><\/tr><tr><td class=\"has-text-align-left\" data-align=\"left\">Oddzia\u0142 PTZP w \u0141odzi<\/td><td class=\"has-text-align-center\" data-align=\"center\">1999<\/td><td class=\"has-text-align-left\" data-align=\"left\">Katedra Zarz\u0105dzania Produkcj\u0105<br>Politechnika \u0141\u00f3dzka<br>ul. W\u00f3lcza\u0144ska 215, Budynek B9<br>90-924 \u0141\u00f3d\u017a<\/td><td class=\"has-text-align-left\" data-align=\"left\">dr in\u017c. Anna Walaszczyk<br>tel. (042) 631 37 54 wew. 28<br><a href=\"mailto:anna.walaszczyk@p.lodz.pl\" data-type=\"mailto\" data-id=\"mailto:anna.walaszczyk@p.lodz.pl\">anna.walaszczyk<\/a>(at)p.lodz.pl<\/td><\/tr><tr><td class=\"has-text-align-left\" data-align=\"left\">Oddzia\u0142 PTZP Mazowiecki<\/td><td class=\"has-text-align-center\" data-align=\"center\">2013<\/td><td class=\"has-text-align-left\" data-align=\"left\">Wydzia\u0142 Nauk Ekonomicznych<br>SGGW w Warszawie<br>ul. Nowoursynowska 166<br>02-787 Warszawa<\/td><td class=\"has-text-align-left\" data-align=\"left\">dr Magdalena M\u0105dra-Sawicka &#8211; przewodnicz\u0105ca<br>tel. (022) 593 42 42<br><a href=\"mailto:magdalena_madra@sggw.pl\" data-type=\"mailto\" data-id=\"mailto:magdalena_madra@sggw.pl\">magdalena_madra<\/a>(at)sggw.pl<\/td><\/tr><tr><td class=\"has-text-align-left\" data-align=\"left\">Oddzia\u0142 PTZP w Olsztynie<\/td><td class=\"has-text-align-center\" data-align=\"center\">1999<\/td><td class=\"has-text-align-left\" data-align=\"left\">Katedra Ekonomiki Przedsi\u0119biorstw<br>Uniwersytet Warmi\u0144sko-Mazurski w Olsztynie<br>ul. Oczapowskiego 4<br>10-719 Olsztyn<\/td><td class=\"has-text-align-left\" data-align=\"left\">dr in\u017c. Adam Birski<br>tel. (089) 523 34 37<br><a href=\"mailto:lesinek48@o2.pl\" data-type=\"mailto\" data-id=\"mailto:adam.birski@uwm.edu.pl\">lesinek48(at)o2.pl<\/a><\/td><\/tr><tr><td class=\"has-text-align-left\" data-align=\"left\">Oddzia\u0142 PTZP w Opolu<\/td><td class=\"has-text-align-center\" data-align=\"center\">1999<\/td><td class=\"has-text-align-left\" data-align=\"left\">Wydzia\u0142 In\u017cynierii Produkcji i Logistyki<br>Politechnika Opolska<br>ul. Ozimska 75<br>45-370 Opole<\/td><td class=\"has-text-align-left\" data-align=\"left\">dr&nbsp;in\u017c. Anna Deptu\u0142a<br>tel. +48 501 545 421<br><a href=\"mailto:an.deptula@po.edu.pl\" data-type=\"mailto\" data-id=\"mailto:an.deptula@po.edu.pl\">an.deptula(at)po.edu.pl<\/a><\/td><\/tr><tr><td class=\"has-text-align-left\" data-align=\"left\">Oddzia\u0142 PTZP w Kro\u015bnie (Podkarpacki)<\/td><td class=\"has-text-align-center\" data-align=\"center\">2017<\/td><td class=\"has-text-align-left\" data-align=\"left\">Pa\u0144stwowa Akademia Nauk Stosowanych w Kro\u015bnie<br>Instytut Gospodarki, Zak\u0142ad Zarz\u0105dzania<br>ul. Wyspia\u0144skiego 20<br>38-400 Krosno<\/td><td class=\"has-text-align-left\" data-align=\"left\">dr Liliana Mierzwi\u0144ska <br>tel. +48 694 542 483 <br><a href=\"mailto:liliana.mierzwinska@pans.krosno.pl\">liliana.mierzwinska@pans.krosno.pl<\/a><\/td><\/tr><tr><td class=\"has-text-align-left\" data-align=\"left\">Oddzia\u0142 PTZP w Poznaniu<\/td><td class=\"has-text-align-center\" data-align=\"center\">1999<\/td><td class=\"has-text-align-left\" data-align=\"left\">Instytut Technologii Mechanicznej<br>Politechnika Pozna\u0144ska<br>ul. Piotrowo 3<br>61-138 Pozna\u0144<\/td><td class=\"has-text-align-left\" data-align=\"left\">dr hab. in\u017c. Ewa Dostatni<br>tel. (061) 665 27 74<br><a href=\"mailto:ewa.dostatni@put.poznan.pl\" data-type=\"mailto\" data-id=\"mailto:ewa.dostatni@put.poznan.pl\">ewa.dostatni(at)put.poznan.pl<\/a><\/td><\/tr><tr><td class=\"has-text-align-left\" data-align=\"left\">Oddzia\u0142 PTZP w Rzeszowie<\/td><td class=\"has-text-align-center\" data-align=\"center\">2001<\/td><td class=\"has-text-align-left\" data-align=\"left\">Wydzia\u0142 Budowy Maszyn i Lotnictwa<br>Politechnika Rzeszowska<br>Al. Powsta\u0144c\u00f3w Warszawy 8<br>35-959 Rzesz\u00f3w<\/td><td class=\"has-text-align-left\" data-align=\"left\">prof. dr hab. in\u017c. Jaros\u0142aw S\u0119p <br>tel. (017) 865 15 12<br><a href=\"mailto:jsztmiop@prz.edu.pl\" data-type=\"mailto\" data-id=\"mailto:jsztmiop@prz.edu.pl\">jsztmiop(at)prz.edu.pl<\/a><\/td><\/tr><tr><td class=\"has-text-align-left\" data-align=\"left\">Oddzia\u0142 PTZP w Nysie (Sudecki)<\/td><td class=\"has-text-align-center\" data-align=\"center\">2016<\/td><td class=\"has-text-align-left\" data-align=\"left\">Wydzia\u0142 Nauk Technicznych<br>Pa\u0144stwowa Akademia Nauk Stosowanych w Nysie<br>ul. Obro\u0144c\u00f3w Tobruku 5<br>48-300 Nysa<\/td><td class=\"has-text-align-left\" data-align=\"left\">dr in\u017c. Piotr Chwastyk<br>tel. (077) 409 08 71<br><a href=\"mailto:piotr.chwastyk@pwsz.nysa.pl\" data-type=\"mailto\" data-id=\"mailto:piotr.chwastyk@pwsz.nysa.pl\">piotr.chwastyk<\/a>(at)pans.nysa.pl<\/td><\/tr><tr><td class=\"has-text-align-left\" data-align=\"left\">Oddzia\u0142 PTZP w Szczecinie<\/td><td class=\"has-text-align-center\" data-align=\"center\">2005<\/td><td class=\"has-text-align-left\" data-align=\"left\">Wydzia\u0142 In\u017cynierii Mechanicznej i Mechatroniki<br>Zachodniopomorski Uniwersytet Technologiczny w Szczecinie<br>Al. Piast\u00f3w 19<br>70-310 Szczecin<\/td><td class=\"has-text-align-left\" data-align=\"left\">dr hab. in\u017c. Andrzej Jardzioch<br>tel. (091) 449 49 89<br><a href=\"mailto:andrzej.jardzioch@zut.edu.pl\">andrzej.<\/a><a href=\"mailto:andrzej.jardzioch@zut.edu.pl\" data-type=\"mailto\" data-id=\"mailto:andrzej.jardzioch@zut.edu.pl\">jardzioch<\/a><a href=\"mailto:andrzej.jardzioch@zut.edu.pl\"><\/a>(at)zut.edu.pl<\/td><\/tr><tr><td class=\"has-text-align-left\" data-align=\"left\">Oddzia\u0142 PTZP w Warszawie<\/td><td class=\"has-text-align-center\" data-align=\"center\"><\/td><td class=\"has-text-align-left\" data-align=\"left\">Wydzia\u0142 Zarz\u0105dzania<br>Politechnika Warszawska<br>ul. Narbutta 85<br>02-524 Warszawa<\/td><td class=\"has-text-align-left\" data-align=\"left\">dr hab. in\u017c. Anna Kosieradzka <br>tel. (022) 849 94 43<br><a href=\"mailto:anna.kosieradzka@pw.edu.pl\" data-type=\"mailto\" data-id=\"mailto:anna.kosieradzka@pw.edu.pl\">anna.kosieradzka<\/a>(at)pw.edu.pl<\/td><\/tr><tr><td class=\"has-text-align-left\" data-align=\"left\">Oddzia\u0142 PTZP we Wroc\u0142awiu<\/td><td class=\"has-text-align-center\" data-align=\"center\">1999<\/td><td class=\"has-text-align-left\" data-align=\"left\">Instytut Organizacji i Zarz\u0105dzania<br>Politechnika Wroc\u0142awska<br>ul. Smoluchowskiego 25<br>50-372 Wroc\u0142aw<\/td><td class=\"has-text-align-left\" data-align=\"left\">prof. dr hab. in\u017c. Anna Burduk&nbsp;<br>tel. (071) 320 37 10<br><a href=\"mailto:anna.burduk@pwr.wroc.pl\">anna.<\/a><a href=\"mailto:anna.burduk@pwr.wroc.pl\" data-type=\"mailto\" data-id=\"mailto:anna.burduk@pwr.wroc.pl\">burduk<\/a><a href=\"mailto:anna.burduk@pwr.wroc.pl\"><\/a>(at)pwr.wroc.pl<\/td><\/tr><tr><td class=\"has-text-align-left\" data-align=\"left\">Oddzia\u0142 PTZP w Zabrzu<\/td><td class=\"has-text-align-center\" data-align=\"center\"><\/td><td class=\"has-text-align-left\" data-align=\"left\">Wydzia\u0142 Organizacji i Zarz\u0105dzania<br>Politechnika \u015al\u0105ska<br>ul. Roosevelta 26-28<br>41-800 Zabrze<\/td><td class=\"has-text-align-left\" data-align=\"left\">dr hab. in\u017c. Jaros\u0142aw Brodny<br>tel. (032) 277 73 27<br><a href=\"mailto:Jaroslaw.Brodny@polsl.pl\" data-type=\"mailto\" data-id=\"mailto:Jaroslaw.Brodny@polsl.pl\">Jaroslaw.Brodny<\/a>(at)polsl.pl<\/td><\/tr><tr><td class=\"has-text-align-left\" data-align=\"left\">Oddzia\u0142 PTZP w Zielonej G\u00f3rze<\/td><td class=\"has-text-align-center\" data-align=\"center\">2002<\/td><td class=\"has-text-align-left\" data-align=\"left\">Instytut In\u017cynierii Mechanicznej<br>Uniwersytet Zielonog\u00f3rski<br>ul. prof. Z. Szafrana 4<br>65-516 Zielona G\u00f3ra<\/td><td class=\"has-text-align-left\" data-align=\"left\">prof. dr hab. in\u017c. Justyna Patalas-Maliszewska<br>tel. (068) 328 26 85<br><a href=\"mailto:j.patalas@iizp.uz.zgora.pl\" data-type=\"mailto\" data-id=\"mailto:j.patalas@iizp.uz.zgora.pl\">j.patalas<\/a>(at)iizp.uz.zgora.pl<\/td><\/tr><\/tbody><\/table><figcaption class=\"wp-element-caption\"><br><br><em>Data aktualizacji: 11.06.2023<\/em><\/figcaption><\/figure>\n\n\n\n<p><\/p>\n\n\n\n<p><\/p>\n\n\n\n<p><\/p>\n\n\n\n<p><\/p>\n\n\n\n<p><\/p>\n\n\n\n<p><\/p>\n\n\n\n<p><\/p>\n\n\n\n<p><\/p>\n\n\n\n<p><\/p>\n\n\n\n<p><\/p>\n\n\n\n<p><\/p>\n\n\n\n<p><\/p>\n\n\n\n<p><\/p>\n\n\n\n<p><\/p>\n\n\n\n<p><\/p>\n\n\n\n<p><\/p>\n\n\n\n<p><\/p>\n\n\n\n<p><\/p>\n","protected":false},"excerpt":{"rendered":"<p>Oddzia\u0142 Rok utw. Siedziba Przewodnicz\u0105ca\/cy Oddzia\u0142 PTZP w Bia\u0142ymstoku 2004 Politechnika Bia\u0142ostockaWydzia\u0142 In\u017cynierii Zarz\u0105dzaniaKatedra Zarz\u0105dzania Produkcj\u0105ul. o. Stefana Tarasiuka 216-001 Kleosin &#8211; Bia\u0142ystok dr hab. in\u017c. Olga Orynycz, prof. PBtel. 85 746 9840o.orynycz@pb.edu.pl Oddzia\u0142 PTZP w Bielsku-Bia\u0142ej 1999 Katedra In\u017cynierii ProdukcjiUniwersytet Bielsko-Bialskiul. Willowa 243-309 Bielsko-Bia\u0142a dr in\u017c. Dorota Wi\u0119cek tel. (033) 827 92 34dwiecek(at)ubb.edu.pl Oddzia\u0142 [&hellip;]<\/p>\n","protected":false},"author":1,"featured_media":0,"parent":0,"menu_order":0,"comment_status":"closed","ping_status":"closed","template":"","meta":{"_eb_attr":"","footnotes":""},"class_list":["post-3228","page","type-page","status-publish","hentry"],"blocksy_meta":[],"featured_image_urls_v2":{"full":"","thumbnail":"","medium":"","medium_large":"","large":"","1536x1536":"","2048x2048":""},"post_excerpt_stackable_v2":"<p>Oddzia\u0142Rok utw.SiedzibaPrzewodnicz\u0105ca\/cyOddzia\u0142 PTZP w Bia\u0142ymstoku2004Politechnika Bia\u0142ostockaWydzia\u0142 In\u017cynierii Zarz\u0105dzaniaKatedra Zarz\u0105dzania Produkcj\u0105ul. o. Stefana Tarasiuka 216-001 Kleosin &#8211; Bia\u0142ystokdr hab. in\u017c. Olga Orynycz, prof. PBtel. 85 746 9840o.orynycz@pb.edu.plOddzia\u0142 PTZP w Bielsku-Bia\u0142ej1999Katedra In\u017cynierii ProdukcjiUniwersytet Bielsko-Bialskiul. Willowa 243-309 Bielsko-Bia\u0142adr in\u017c. Dorota Wi\u0119cek tel. (033) 827 92 34dwiecek(at)ubb.edu.plOddzia\u0142 PTZP w Bydgoszczy2000Wydzia\u0142 Zarz\u0105dzaniaPolitechnika Bydgoskaul. Prof. S.Kaliskiego 785-789 Bydgoszczdr in\u017c. Wojciech \u017barski tel. 608&nbsp;391 165&nbsp;&nbsp;&nbsp;&nbsp;&nbsp;wojciech.zarski(at)pbs.edu.plOddzia\u0142 PTZP w Cz\u0119stochowie2001Instytut Zarz\u0105dzania Produkcj\u0105Politechnika Cz\u0119stochowskaal. Armii Krajowej 19 paw. B42-200 Cz\u0119stochowadr in\u017c. Cezary Kolmasiak tel. (034) 32 50 771kolmasiak.cezary(at)wip.pcz.plOddzia\u0142 PTZP w Legnicy (Dolno\u015bl\u0105ski)2021Wydzia\u0142 Nauk Technicznych i EkonomicznychCollegium Witelona Uczelnia Pa\u0144stwowaul. Sejmowa 5C59-220 Legnicadr in\u017c. Daniel Medy\u0144skitel. (076) 723 23 25daniel.medynski(at)collegiumwitelona.plOddzia\u0142 PTZP&hellip;<\/p>\n","category_list_v2":"","author_info_v2":{"name":"Webmaster","url":"https:\/\/ptzp.org.pl\/index.php\/author\/webmaster\/"},"comments_num_v2":"0 comments","_links":{"self":[{"href":"https:\/\/ptzp.org.pl\/index.php\/wp-json\/wp\/v2\/pages\/3228","targetHints":{"allow":["GET"]}}],"collection":[{"href":"https:\/\/ptzp.org.pl\/index.php\/wp-json\/wp\/v2\/pages"}],"about":[{"href":"https:\/\/ptzp.org.pl\/index.php\/wp-json\/wp\/v2\/types\/page"}],"author":[{"embeddable":true,"href":"https:\/\/ptzp.org.pl\/index.php\/wp-json\/wp\/v2\/users\/1"}],"replies":[{"embeddable":true,"href":"https:\/\/ptzp.org.pl\/index.php\/wp-json\/wp\/v2\/comments?post=3228"}],"version-history":[{"count":35,"href":"https:\/\/ptzp.org.pl\/index.php\/wp-json\/wp\/v2\/pages\/3228\/revisions"}],"predecessor-version":[{"id":4396,"href":"https:\/\/ptzp.org.pl\/index.php\/wp-json\/wp\/v2\/pages\/3228\/revisions\/4396"}],"wp:attachment":[{"href":"https:\/\/ptzp.org.pl\/index.php\/wp-json\/wp\/v2\/media?parent=3228"}],"curies":[{"name":"wp","href":"https:\/\/api.w.org\/{rel}","templated":true}]}}