{"id":3302,"date":"2023-03-21T11:12:40","date_gmt":"2023-03-21T10:12:40","guid":{"rendered":"https:\/\/nowa.ptzp.org.pl\/?page_id=3302"},"modified":"2025-05-07T18:24:01","modified_gmt":"2025-05-07T16:24:01","slug":"konferencja-ptzp-zakopane-2023","status":"publish","type":"page","link":"https:\/\/ptzp.org.pl\/index.php\/konferencja-ptzp-zakopane-2023\/","title":{"rendered":"XXVIII Konferencja &#8222;Przemys\u0142 5.0 a Zarz\u0105dzanie i In\u017cynieria Produkcji&#8221; &#8211; Zakopane 2025"},"content":{"rendered":"\n<p>Zapraszamy do wzi\u0119cia udzia\u0142u w XXVIII Konferencji &#8222;Przemys\u0142 5.0 a Zarz\u0105dzanie i In\u017cynieria Produkcji&#8221; kt\u00f3ra odb\u0119dzie si\u0119 w dniach 12-14 pa\u017adziernika 2025. Miejscem obrad i zakwaterowania uczestnik\u00f3w b\u0119dzie O\u015brodek Konferencyjno-Wypoczynkowy &#8222;Hyrny&#8221;, w Zakopanem. Szczeg\u00f3\u0142owe informacje organizacyjne mo\u017cna znale\u017a\u0107 <a href=\"https:\/\/ptzp.org.pl\/index.php\/do-pobrania\/\" data-type=\"page\" data-id=\"3281\">tutaj<\/a>.<\/p>\n\n\n\n<p><\/p>\n","protected":false},"excerpt":{"rendered":"<p>Zapraszamy do wzi\u0119cia udzia\u0142u w XXVIII Konferencji &#8222;Przemys\u0142 5.0 a Zarz\u0105dzanie i In\u017cynieria Produkcji&#8221; kt\u00f3ra odb\u0119dzie si\u0119 w dniach 12-14 pa\u017adziernika 2025. Miejscem obrad i zakwaterowania uczestnik\u00f3w b\u0119dzie O\u015brodek Konferencyjno-Wypoczynkowy &#8222;Hyrny&#8221;, w Zakopanem. Szczeg\u00f3\u0142owe informacje organizacyjne mo\u017cna znale\u017a\u0107 tutaj.<\/p>\n","protected":false},"author":1,"featured_media":0,"parent":0,"menu_order":0,"comment_status":"closed","ping_status":"closed","template":"","meta":{"_eb_attr":"","footnotes":""},"class_list":["post-3302","page","type-page","status-publish","hentry"],"blocksy_meta":[],"featured_image_urls_v2":{"full":"","thumbnail":"","medium":"","medium_large":"","large":"","1536x1536":"","2048x2048":""},"post_excerpt_stackable_v2":"<p>Zapraszamy do wzi\u0119cia udzia\u0142u w XXVIII Konferencji &#8222;Przemys\u0142 5.0 a Zarz\u0105dzanie i In\u017cynieria Produkcji&#8221; kt\u00f3ra odb\u0119dzie si\u0119 w dniach 12-14 pa\u017adziernika 2025. Miejscem obrad i zakwaterowania uczestnik\u00f3w b\u0119dzie O\u015brodek Konferencyjno-Wypoczynkowy &#8222;Hyrny&#8221;, w Zakopanem. Szczeg\u00f3\u0142owe informacje organizacyjne mo\u017cna znale\u017a\u0107 tutaj.<\/p>\n","category_list_v2":"","author_info_v2":{"name":"Webmaster","url":"https:\/\/ptzp.org.pl\/index.php\/author\/webmaster\/"},"comments_num_v2":"0 comments","_links":{"self":[{"href":"https:\/\/ptzp.org.pl\/index.php\/wp-json\/wp\/v2\/pages\/3302","targetHints":{"allow":["GET"]}}],"collection":[{"href":"https:\/\/ptzp.org.pl\/index.php\/wp-json\/wp\/v2\/pages"}],"about":[{"href":"https:\/\/ptzp.org.pl\/index.php\/wp-json\/wp\/v2\/types\/page"}],"author":[{"embeddable":true,"href":"https:\/\/ptzp.org.pl\/index.php\/wp-json\/wp\/v2\/users\/1"}],"replies":[{"embeddable":true,"href":"https:\/\/ptzp.org.pl\/index.php\/wp-json\/wp\/v2\/comments?post=3302"}],"version-history":[{"count":3,"href":"https:\/\/ptzp.org.pl\/index.php\/wp-json\/wp\/v2\/pages\/3302\/revisions"}],"predecessor-version":[{"id":4181,"href":"https:\/\/ptzp.org.pl\/index.php\/wp-json\/wp\/v2\/pages\/3302\/revisions\/4181"}],"wp:attachment":[{"href":"https:\/\/ptzp.org.pl\/index.php\/wp-json\/wp\/v2\/media?parent=3302"}],"curies":[{"name":"wp","href":"https:\/\/api.w.org\/{rel}","templated":true}]}}