{"id":3751,"date":"2023-09-14T00:05:37","date_gmt":"2023-09-13T22:05:37","guid":{"rendered":"https:\/\/ptzp.org.pl\/?page_id=3751"},"modified":"2023-09-14T00:09:06","modified_gmt":"2023-09-13T22:09:06","slug":"czasopiosmo-management-and-production-engineering-review","status":"publish","type":"page","link":"https:\/\/ptzp.org.pl\/index.php\/czasopiosmo-management-and-production-engineering-review\/","title":{"rendered":"Czasopismo Management and Production Engineering Review"},"content":{"rendered":"\n<p class=\"has-small-font-size\"><strong>IMPACT FACTOR&nbsp;<\/strong>2022:&nbsp;<strong>1.4<\/strong><br><strong>Journal Impact Factor<\/strong> (Web of Science) 2022:&nbsp;<strong>1.4<\/strong><br><strong>CiteScore&nbsp;<\/strong>(Scopus) 2022:&nbsp;<strong>2.9<\/strong><br>SCImago Journal Rank (&nbsp;<strong>SJR<\/strong>) 2022:&nbsp;<strong>0.381<\/strong><br><strong>Punktacja ministerialna: 100<\/strong> <\/p>\n\n\n\n<p><em><strong>Management and Production Engineering Review <\/strong><\/em>(MPER) to recenzowane, mi\u0119dzynarodowe, multidyscyplinarne czasopismo obejmuj\u0105ce szerokie spektrum temat\u00f3w z zakresu in\u017cynierii produkcji i zarz\u0105dzania. Czasopismo ma na celu rozw\u00f3j wiedzy teoretycznej i stosowanej w tej szybko rozwijaj\u0105cej si\u0119 dziedzinie, ze szczeg\u00f3lnym uwzgl\u0119dnieniem zarz\u0105dzania produkcj\u0105, organizacji proces\u00f3w produkcyjnych, zarz\u0105dzania wiedz\u0105 produkcyjn\u0105, zintegrowanego komputerowo zarz\u0105dzania przep\u0142ywem produkcji, efektywno\u015bci przedsi\u0119biorstwa, konserwacji i zr\u00f3wnowa\u017conej produkcji, produktywno\u015bci i organizacji, prognozowania, modelowania i symulacji, system\u00f3w decyzyjnych, zarz\u0105dzania projektami, zarz\u0105dzania innowacjami i transferu technologii, in\u017cynierii jako\u015bci i bezpiecze\u0144stwa pracy. <strong>Czasopismo jest wydawane pod auspicjami Komitetu In\u017cynierii Produkcji Polskiej Akademii Nauk oraz Polskiego Towarzystwa Zarz\u0105dzania Produkcj\u0105.<\/strong><\/p>\n\n\n\n<p>G\u0142\u00f3wnym celem czasopisma jest publikowanie wynik\u00f3w najnowszych bada\u0144 rozwijaj\u0105cych koncepcje, teorie i wdra\u017canie nowatorskich rozwi\u0105za\u0144 w nowoczesnej produkcji. Mile widziane s\u0105 r\u00f3wnie\u017c artyku\u0142y prezentuj\u0105ce oryginalne wyniki bada\u0144 zwi\u0105zanych z in\u017cynieri\u0105 produkcji i edukacj\u0105 mened\u017cersk\u0105.<\/p>\n\n\n\n<p>Mile widziane s\u0105 oryginalne artyku\u0142y napisane w j\u0119zyku angielskim. W czasopi\u015bmie publikowane s\u0105 r\u00f3wnie\u017c streszczenia techniczne, om\u00f3wienia wcze\u015bniej opublikowanych artyku\u0142\u00f3w, recenzje ksi\u0105\u017cek i artyku\u0142y redakcyjne.<\/p>\n\n\n\n<p><a href=\"https:\/\/journals.pan.pl\/mper?\">Strona internetowa czasopisma z dost\u0119pem do cyfrowej wersji opublikowanych w nim artyku\u0142\u00f3w.<\/a><\/p>\n\n\n","protected":false},"excerpt":{"rendered":"<p>IMPACT FACTOR&nbsp;2022:&nbsp;1.4Journal Impact Factor (Web of Science) 2022:&nbsp;1.4CiteScore&nbsp;(Scopus) 2022:&nbsp;2.9SCImago Journal Rank (&nbsp;SJR) 2022:&nbsp;0.381Punktacja ministerialna: 100 Management and Production Engineering Review (MPER) to recenzowane, mi\u0119dzynarodowe, multidyscyplinarne czasopismo obejmuj\u0105ce szerokie spektrum temat\u00f3w z zakresu in\u017cynierii produkcji i zarz\u0105dzania. Czasopismo ma na celu rozw\u00f3j wiedzy teoretycznej i stosowanej w tej szybko rozwijaj\u0105cej si\u0119 dziedzinie, ze szczeg\u00f3lnym uwzgl\u0119dnieniem zarz\u0105dzania [&hellip;]<\/p>\n","protected":false},"author":1,"featured_media":0,"parent":0,"menu_order":0,"comment_status":"closed","ping_status":"closed","template":"","meta":{"_eb_attr":"","footnotes":""},"class_list":["post-3751","page","type-page","status-publish","hentry"],"blocksy_meta":[],"featured_image_urls_v2":{"full":"","thumbnail":"","medium":"","medium_large":"","large":"","1536x1536":"","2048x2048":""},"post_excerpt_stackable_v2":"<p>IMPACT FACTOR&nbsp;2022:&nbsp;1.4Journal Impact Factor (Web of Science) 2022:&nbsp;1.4CiteScore&nbsp;(Scopus) 2022:&nbsp;2.9SCImago Journal Rank (&nbsp;SJR) 2022:&nbsp;0.381Punktacja ministerialna: 100 Management and Production Engineering Review (MPER) to recenzowane, mi\u0119dzynarodowe, multidyscyplinarne czasopismo obejmuj\u0105ce szerokie spektrum temat\u00f3w z zakresu in\u017cynierii produkcji i zarz\u0105dzania. Czasopismo ma na celu rozw\u00f3j wiedzy teoretycznej i stosowanej w tej szybko rozwijaj\u0105cej si\u0119 dziedzinie, ze szczeg\u00f3lnym uwzgl\u0119dnieniem zarz\u0105dzania produkcj\u0105, organizacji proces\u00f3w produkcyjnych, zarz\u0105dzania wiedz\u0105 produkcyjn\u0105, zintegrowanego komputerowo zarz\u0105dzania przep\u0142ywem produkcji, efektywno\u015bci przedsi\u0119biorstwa, konserwacji i zr\u00f3wnowa\u017conej produkcji, produktywno\u015bci i organizacji, prognozowania, modelowania i symulacji, system\u00f3w decyzyjnych, zarz\u0105dzania projektami, zarz\u0105dzania innowacjami i transferu technologii, in\u017cynierii jako\u015bci i bezpiecze\u0144stwa pracy. Czasopismo jest wydawane pod auspicjami Komitetu&hellip;<\/p>\n","category_list_v2":"","author_info_v2":{"name":"Webmaster","url":"https:\/\/ptzp.org.pl\/index.php\/author\/webmaster\/"},"comments_num_v2":"0 comments","_links":{"self":[{"href":"https:\/\/ptzp.org.pl\/index.php\/wp-json\/wp\/v2\/pages\/3751","targetHints":{"allow":["GET"]}}],"collection":[{"href":"https:\/\/ptzp.org.pl\/index.php\/wp-json\/wp\/v2\/pages"}],"about":[{"href":"https:\/\/ptzp.org.pl\/index.php\/wp-json\/wp\/v2\/types\/page"}],"author":[{"embeddable":true,"href":"https:\/\/ptzp.org.pl\/index.php\/wp-json\/wp\/v2\/users\/1"}],"replies":[{"embeddable":true,"href":"https:\/\/ptzp.org.pl\/index.php\/wp-json\/wp\/v2\/comments?post=3751"}],"version-history":[{"count":3,"href":"https:\/\/ptzp.org.pl\/index.php\/wp-json\/wp\/v2\/pages\/3751\/revisions"}],"predecessor-version":[{"id":3755,"href":"https:\/\/ptzp.org.pl\/index.php\/wp-json\/wp\/v2\/pages\/3751\/revisions\/3755"}],"wp:attachment":[{"href":"https:\/\/ptzp.org.pl\/index.php\/wp-json\/wp\/v2\/media?parent=3751"}],"curies":[{"name":"wp","href":"https:\/\/api.w.org\/{rel}","templated":true}]}}