{"id":4006,"date":"2025-10-27T23:17:30","date_gmt":"2025-10-27T22:17:30","guid":{"rendered":"https:\/\/ptzp.org.pl\/?page_id=4006"},"modified":"2025-12-18T22:13:23","modified_gmt":"2025-12-18T21:13:23","slug":"wyniki-konkursu-na-najlepsza-prace-dyplomowa-2025","status":"publish","type":"page","link":"https:\/\/ptzp.org.pl\/index.php\/wyniki-konkursu-na-najlepsza-prace-dyplomowa-2025\/","title":{"rendered":"Wyniki konkursu na najlepsz\u0105 prac\u0119 dyplomow\u0105 &#8211; 2025"},"content":{"rendered":"\n<figure class=\"wp-block-table alignleft is-style-stripes has-small-font-size\"><table><thead><tr><th class=\"has-text-align-left\" data-align=\"left\">Oddzia\u0142<\/th><th>Nagrodzone prace dyplomowe                                                                                                                                  <\/th><\/tr><\/thead><tbody><tr><td class=\"has-text-align-left\" data-align=\"left\">Oddzia\u0142 PTZP w Bia\u0142ymstoku<\/td><td><\/td><\/tr><tr><td class=\"has-text-align-left\" data-align=\"left\">Oddzia\u0142 PTZP w Bielsku-Bia\u0142ej<\/td><td><span style=\"color: var(--theme-palette-color-4, #192a3d);\" class=\"stk-highlight\"><strong><em>I miejsce:<\/em><\/strong><br><strong>Karolina JURASZ &#8222;<\/strong><\/span><strong>Identyfikacja marnotrawstwa i doskonalenie proces\u00f3w w koncepcji szczup\u0142ego zarz\u0105dzania przedsi\u0119biorstwem<span style=\"color: var(--theme-palette-color-4, #192a3d);\" class=\"stk-highlight\">&#8222;<\/span><\/strong><span style=\"color: var(--theme-palette-color-4, #192a3d);\" class=\"stk-highlight\"><br><br><strong><em>Wyr\u00f3\u017cnienia:<\/em><\/strong><br>1. <\/span><strong>Klaudia Habdas<\/strong> \u201eZastosowanie metod odchudzonej produkcji w doskonaleniu proces\u00f3w wytwarzania wi\u0105zek samochodowych\u201d<br>2. <strong>Tomasz Jod\u0142owiec<\/strong> \u201eWp\u0142yw motywacji finansowej i pozafinansowej na efektywno\u015b\u0107 pracownik\u00f3w w przedsi\u0119biorstwach produkcyjnych\u201d<br>3. <strong>Krzysztof Noworyta<\/strong> \u201eProjektowanie t\u0142ocznika wielotaktowego z wykorzystaniem analizy kosztu cyklu \u017cycia\u201d<\/td><\/tr><tr><td class=\"has-text-align-left\" data-align=\"left\">Oddzia\u0142 PTZP w Bydgoszczy<\/td><td><span style=\"color: var(--theme-palette-color-4, #192a3d);\" class=\"stk-highlight\"><strong><em>I miejsce:<\/em><\/strong><br><strong>Jeremi NICPO\u0143 &#8222;<\/strong><\/span><strong>Wsp\u00f3\u0142czesne narz\u0119dzia informatyczne wspomagaj\u0105ce utrzymanie ruchu na przyk\u0142adzie przedsi\u0119biorstwa produkcyjnego<\/strong><strong><span style=\"color: var(--theme-palette-color-4, #192a3d);\" class=\"stk-highlight\">&#8222;<\/span><\/strong><span style=\"color: var(--theme-palette-color-4, #192a3d);\" class=\"stk-highlight\"><br><br><strong><em>Wyr\u00f3\u017cnienia:<\/em><\/strong><br>1. <\/span><strong>Jakub Skorupa<\/strong> \u201eBusiness Process Automation on the Example of an Enterprise\u201d<br>2. <strong>Artur Sienkiewicz<\/strong> \u201eZastosowanie arkusza kalkulacyjnego w zarz\u0105dzaniu procesami zaopatrzenia w przedsi\u0119biorstwie produkcyjnym\u201d<br>3. <strong>Agata \u0141aska<\/strong> \u201eOrganizacja czasu pracy i wp\u0142yw automatyzacji na efektywno\u015b\u0107 pracy w przedsi\u0119biorstwie produkcyjnym Politech sp. z o.o.\u201d<\/td><\/tr><tr><td class=\"has-text-align-left\" data-align=\"left\">Oddzia\u0142 PTZP w Cz\u0119stochowie<\/td><td><\/td><\/tr><tr><td class=\"has-text-align-left\" data-align=\"left\">Oddzia\u0142 PTZP w Legnicy (Dolno\u015bl\u0105ski)<\/td><td><span style=\"color: var(--theme-palette-color-4, #192a3d);\" class=\"stk-highlight\"><strong><em>I miejsce:<\/em><\/strong><br><strong>Marcin ROMANIEC &#8222;<\/strong><\/span><strong>Autorski projekt raportu 8D do rozwi\u0105zywania problem\u00f3w jako\u015bciowych w przedsi\u0119biorstwie Patelec Elpena<\/strong><strong><span style=\"color: var(--theme-palette-color-4, #192a3d);\" class=\"stk-highlight\">&#8222;<\/span><\/strong><\/td><\/tr><tr><td class=\"has-text-align-left\" data-align=\"left\">Oddzia\u0142 PTZP w Gda\u0144sku<\/td><td><span style=\"color: var(--theme-palette-color-4, #192a3d);\" class=\"stk-highlight\"><strong><em>I miejsce:<\/em><\/strong><br><strong>Maksymilian MILANOWSKI &#8222;<\/strong><\/span><strong>Przygotowanie zak\u0142adu Federal Mogul Bimet Tenneco do certyfikacji wewn\u0119trznej &#8211; analiza i projekt narz\u0119dzi Lean Management<span style=\"color: var(--theme-palette-color-4, #192a3d);\" class=\"stk-highlight\">&#8222;<\/span><\/strong><span style=\"color: var(--theme-palette-color-4, #192a3d);\" class=\"stk-highlight\"><br><br><strong><em>Wyr\u00f3\u017cnienia:<\/em><\/strong><br>1. <\/span><strong>Klaudia Pollak<\/strong> \u201eProjekt programu sugestii pracowniczych na przyk\u0142adzie przedsi\u0119biorstwa XYZ\u201d<br>2. <strong>Martyna Piasecka<\/strong> \u201eOptymalizacja procesu produkcyjnego z wykorzystaniem narz\u0119dzi Lean Manufacturing i analizy danych\u201d<br>3. <strong>Nina Morawska<\/strong> \u201eOptymalizacja wybranego procesu przy wykorzystaniu narz\u0119dzi Lean Manufacturing\u201d<\/td><\/tr><tr><td class=\"has-text-align-left\" data-align=\"left\">Oddzia\u0142 PTZP w Gliwicach<\/td><td><\/td><\/tr><tr><td class=\"has-text-align-left\" data-align=\"left\">Oddzia\u0142 PTZP w Katowicach<\/td><td><span style=\"color: var(--theme-palette-color-4, #192a3d);\" class=\"stk-highlight\"><strong><em>I miejsce:<\/em><\/strong><br><strong>Daniela FRONTZEK &#8222;<\/strong><\/span><strong>Doskonalenie procesu produkcyjnego z wykorzystaniem metody mapowania procesu<\/strong><strong><span style=\"color: var(--theme-palette-color-4, #192a3d);\" class=\"stk-highlight\">&#8222;<\/span><\/strong><span style=\"color: var(--theme-palette-color-4, #192a3d);\" class=\"stk-highlight\"><br><br><strong><em>Wyr\u00f3\u017cnienia:<\/em><\/strong><br>1. <strong>Martyna M\u0142ocek<\/strong> &#8222;<\/span>Analiza system\u00f3w logistycznych w przedsi\u0119biorstwie produkcyjnym z wykorzystaniem symulacji komputerowej<span style=\"color: var(--theme-palette-color-4, #192a3d);\" class=\"stk-highlight\">&#8222;<\/span><br>2. <strong>Dominika Wolna<\/strong> &#8222;Usprawnienie procesu konfekcjonowania z zastosowaniem narz\u0119dzi Lean Manufacturing&#8221;<\/td><\/tr><tr><td class=\"has-text-align-left\" data-align=\"left\">Oddzia\u0142 PTZP w Kielcach<\/td><td><\/td><\/tr><tr><td class=\"has-text-align-left\" data-align=\"left\">Oddzia\u0142 PTZP w Koszalinie<\/td><td><\/td><\/tr><tr><td class=\"has-text-align-left\" data-align=\"left\">Oddzia\u0142 PTZP w Krakowie<\/td><td><\/td><\/tr><tr><td class=\"has-text-align-left\" data-align=\"left\">Oddzia\u0142 PTZP w Lublinie<\/td><td><\/td><\/tr><tr><td class=\"has-text-align-left\" data-align=\"left\">Oddzia\u0142 PTZP w \u0141odzi<\/td><td><\/td><\/tr><tr><td class=\"has-text-align-left\" data-align=\"left\">Oddzia\u0142 PTZP Mazowiecki<\/td><td><\/td><\/tr><tr><td class=\"has-text-align-left\" data-align=\"left\">Oddzia\u0142 PTZP w Olsztynie<\/td><td><span style=\"color: var(--theme-palette-color-4, #192a3d);\" class=\"stk-highlight\"><strong><em>I miejsce:<\/em><\/strong><br><strong>Cezary T. KARABASZ &#8222;Charakterystyka i ocena planowania produkcji wyrob\u00f3w<\/strong><\/span><strong> ze szk\u0142a przy pomocy podej\u015bcia procesowego na przyk\u0142adzie Huty Szk\u0142a<span style=\"color: var(--theme-palette-color-4, #192a3d);\" class=\"stk-highlight\">&#8222;<\/span><\/strong><span style=\"color: var(--theme-palette-color-4, #192a3d);\" class=\"stk-highlight\"><br><br><strong><em>Wyr\u00f3\u017cnienia:<\/em><\/strong><br>1. <strong>Kacper Szewczyk<\/strong> &#8222;Wp\u0142yw mikrotransakcji na postrzeganie jako\u015bci gier<\/span> komputerowych przez u\u017cytkownik\u00f3w<span style=\"color: var(--theme-palette-color-4, #192a3d);\" class=\"stk-highlight\">&#8222;<\/span><br>2. <strong>Vanessa J. Roszig<\/strong> &#8222;Zarz\u0105dzanie ryzykiem w gospodarstwach rolnych na Mazurach a stabilno\u015b\u0107 dochod\u00f3w&#8221;<br>3. <strong>Kinga Janisiewicz<\/strong> &#8222;Wp\u0142yw dzia\u0142a\u0144 promocyjnych na czytelnika&#8221;<\/td><\/tr><tr><td class=\"has-text-align-left\" data-align=\"left\">Oddzia\u0142 PTZP w Opolu<\/td><td><span style=\"color: var(--theme-palette-color-4, #192a3d);\" class=\"stk-highlight\"><strong><em>I miejsce:<\/em><\/strong><br><strong>Bartosz KAPICA &#8222;<\/strong><\/span><strong><strong>Projekt proaktywnej metody oceny efektywno\u015bci pracy lidera zespo\u0142u produkcyjnego w wybranym przedsi\u0119biorstwie<\/strong><span style=\"color: var(--theme-palette-color-4, #192a3d);\" class=\"stk-highlight\">&#8222;<\/span><\/strong><span style=\"color: var(--theme-palette-color-4, #192a3d);\" class=\"stk-highlight\"><br><br><strong><em>Wyr\u00f3\u017cnienia:<\/em><\/strong><br>1. <strong>Artur Le\u015bniewski<\/strong> &#8222;<\/span>Planowanie i wdro\u017cenie usprawnienia procesu przep\u0142ywu materia\u0142\u00f3w na wybranym przyk\u0142adzie<span style=\"color: var(--theme-palette-color-4, #192a3d);\" class=\"stk-highlight\">&#8222;<\/span><br>2. <strong>Vladyslav Bohuslavskyi<\/strong> &#8222;Projekt wdro\u017cenia nowego produktu na rynek na wybranym przyk\u0142adzie&#8221;<br>3. <strong>Izabela Ordijewicz<\/strong> &#8222;Projekt optymalizacji procesu danej linii monta\u017cowej na wybranym przyk\u0142adzie&#8221;<\/td><\/tr><tr><td class=\"has-text-align-left\" data-align=\"left\">Oddzia\u0142 PTZP w Kro\u015bnie (Podkarpacki)<\/td><td><strong><em>I miejsce:<\/em><\/strong><br><strong>Mateusz NOWAK &#8222;Zarz\u0105dzanie jako\u015bci\u0105 w przedsi\u0119biorstwach produkcyjnych z zastosowaniem Total Quality Management w wybranych przedsi\u0119biorstwach wojew\u00f3dztwa podkarpackiego&#8221;<\/strong><br><br><strong><em>Wyr\u00f3\u017cnienia:<\/em><\/strong><br>1. <strong>Bartosz Wi\u015bniowski<\/strong> &#8222;Znaczenie innowacji w doskonaleniu proces\u00f3w produkcyjnych na przyk\u0142adzie wdro\u017cenia systemu 5S&#8221;<br>2. <strong>Magdalena Zajchowska-Gwizdak<\/strong> &#8222;Rola kapita\u0142u ludzkiego i intelektualnego w budowaniu konkurencyjno\u015bci przedsi\u0119biorstw na podstawie Zak\u0142adu Prefabrykacji w Ja\u015ble&#8221;<br>3. <strong>Bernadetta Turczyn<\/strong> &#8222;Koncepcja Total Productive Maintenance (TPM) jako element zarz\u0105dzania ryzykiem operacyjnym w przedsi\u0119biorstwie produkcyjnym&#8221;<\/td><\/tr><tr><td class=\"has-text-align-left\" data-align=\"left\">Oddzia\u0142 PTZP w Poznaniu<\/td><td><span style=\"color: var(--theme-palette-color-4, #192a3d);\" class=\"stk-highlight\"><strong><em>I miejsce:<\/em><\/strong><br><strong>Julia B\u0141OSZYK &#8222;<\/strong><\/span><strong>Projekt innowacyjnego wyrobu z zastosowaniem metod inwentycznych<\/strong><strong><span style=\"color: var(--theme-palette-color-4, #192a3d);\" class=\"stk-highlight\">&#8222;<\/span><\/strong><span style=\"color: var(--theme-palette-color-4, #192a3d);\" class=\"stk-highlight\"><br><br><strong><em>Wyr\u00f3\u017cnienia:<\/em><\/strong><br>1. <strong>Weronika Marchewka<\/strong> &#8222;<\/span>Zastosowanie technologii chatbot\u00f3w w zr\u00f3wnowa\u017conym projektowaniu wyrob\u00f3w &#8211; analiza i ocena<span style=\"color: var(--theme-palette-color-4, #192a3d);\" class=\"stk-highlight\">&#8222;<\/span><br>2. <strong>Zuzanna Bambrowicz<\/strong> &#8222;Kszta\u0142towanie kompetencji pracownik\u00f3w jako determinanta sukcesu zarz\u0105dzania zasobami ludzkimi w przedsi\u0119biorstwie z bran\u017cy produkcyjnej&#8221;<\/td><\/tr><tr><td class=\"has-text-align-left\" data-align=\"left\">Oddzia\u0142 PTZP w Rzeszowie<\/td><td><\/td><\/tr><tr><td class=\"has-text-align-left\" data-align=\"left\">Oddzia\u0142 PTZP w Nysie (Sudecki)<\/td><td><span style=\"color: var(--theme-palette-color-4, #192a3d);\" class=\"stk-highlight\"><strong><em>I miejsce:<\/em><\/strong><br><strong>Angelika JA\u015aKIEWICZ &#8222;<\/strong><\/span><strong>Eliminowanie marnotrawstw zgodnie z koncepcj\u0105 Lean Management w wybranym przedsi\u0119biorstwie produkcyjnym<span style=\"color: var(--theme-palette-color-4, #192a3d);\" class=\"stk-highlight\">&#8222;<\/span><\/strong><span style=\"color: var(--theme-palette-color-4, #192a3d);\" class=\"stk-highlight\"><br><br><strong><em>Wyr\u00f3\u017cnienia:<\/em><\/strong><br>1. <strong>Magdalena Galik<\/strong> &#8222;<\/span>Poprawa jako\u015bci procesu produkcji \u017celek ekstrudowanych<span style=\"color: var(--theme-palette-color-4, #192a3d);\" class=\"stk-highlight\">&#8222;<\/span><br>2. <strong>Wiktor Ja\u015bkiewicz<\/strong> &#8222;Standaryzacja miejsca pracy z wykorzystaniem metodologii 3R5S na wybranym przyk\u0142adzie w bran\u017cy automotive&#8221;<\/td><\/tr><tr><td class=\"has-text-align-left\" data-align=\"left\">Oddzia\u0142 PTZP w Szczecinie<\/td><td><strong><em>I miejsce:<\/em><\/strong><br><strong>Aleksandra MA\u0106KOWIAK \u201eAnaliza wp\u0142ywu awarii maszyn i niedoboru pracownik\u00f3w na efektywno\u015b\u0107 systemu produkcyjnego\u201d<\/strong><br><br><strong><em>Wyr\u00f3\u017cnienia:<\/em><\/strong><br>1.&nbsp;<strong>Jakub Hawry\u0142kowicz<\/strong>&nbsp;\u201eProjekt komputerowego systemu wspomagaj\u0105cego wyb\u00f3r dostawc\u00f3w\u201d<br>2.&nbsp;<strong>Mateusz Kuklis<\/strong>&nbsp;\u201eDoskonalenie proces\u00f3w kontroli jako\u015bci na przyk\u0142adzie przedsi\u0119biorstwa\u201d<br>3.&nbsp;<strong>Jeremi Dybowski<\/strong>&nbsp;\u201eAnaliza wp\u0142ywu szeregowania zlece\u0144 ne efektywno\u015b\u0107 procesu produkcyjnego z alternatywnymi marszrutami technologicznymi\u201d<\/td><\/tr><tr><td class=\"has-text-align-left\" data-align=\"left\">Oddzia\u0142 PTZP w Warszawie<\/td><td><strong><em>I miejsce:<\/em><\/strong><br><strong>Kamila PRZEDPE\u0141SKA \u201eMapowanie proces\u00f3w jako narz\u0119dzie diagnozy i doskonalenia proces\u00f3w na przyk\u0142adzie przedsi\u0119biorstwa finansowo-ksi\u0119gowego\u201d<\/strong><br><br><strong><em>Wyr\u00f3\u017cnienia:<\/em><\/strong><br>1.&nbsp;<strong>Joanna Teresa Kawalec<\/strong>&nbsp;\u201eProjekt postepowania z zak\u0142\u00f3ceniami w wybranym przedsi\u0119biorstwie produkcyjnym z bran\u017cy automatyki przemys\u0142owej\u201d<br>2.&nbsp;<strong>Gabriela Bia\u0142ek<\/strong>&nbsp;\u201eBadanie potencja\u0142u automatyzacyjnego proces\u00f3w w przedsi\u0119biorstwie finansowo-ksi\u0119gowym\u201d<br>3.&nbsp;<strong>Klaudia Prochacka<\/strong>&nbsp;\u201eDob\u00f3r technologii energetycznych na potrzeby zapewnienia bezpiecze\u0144stwa Polski \u201d<\/td><\/tr><tr><td class=\"has-text-align-left\" data-align=\"left\">Oddzia\u0142 PTZP we Wroc\u0142awiu<\/td><td><strong><em>I miejsce:<\/em><\/strong><br><strong>Dawid BOGDANOWICZ \u201eMethods to reduce waste, energy consumption, and environmental impacy in progressive die stamping, potentially through material selection and process optimization\u201d<\/strong><br><br><strong><em>Wyr\u00f3\u017cnienia:<\/em><\/strong><br>1.\u00a0<strong>Nicole Szklarczyk<\/strong>\u00a0\u201eDoskonalenie procesu produkcyjnego pod k\u0105tem redukcji marnotrawstwa w przedi\u0119biorstwie z bran\u017cy motoryzacyjnej\u201d<br>2.\u00a0<strong>Monika Go\u0142\u0105b<\/strong>\u00a0\u201eRealizacja zada\u0144 intralogistycznych z wykorzystaniem robota automatycznego\u201d<\/td><\/tr><tr><td class=\"has-text-align-left\" data-align=\"left\">Oddzia\u0142 PTZP w Zabrzu<\/td><td><\/td><\/tr><tr><td class=\"has-text-align-left\" data-align=\"left\">Oddzia\u0142 PTZP w Zielonej G\u00f3rze<\/td><td><strong><em>I miejsce:<\/em><\/strong><br><strong>Dawid DZIECHCIAROW \u201eAnaliza metod prewencyjnego i predykcyjnego utrzymania ruchu na przyk\u0142adzie wybranego przedsi\u0119biorstwa\u201d<\/strong><br><br><strong><em>Wyr\u00f3\u017cnienia:<\/em><\/strong><br>1.&nbsp;<strong>Kamil Duda\u0142a<\/strong>&nbsp;\u201eBadania pracy motoreduktora dla potrzeb predykcyjnej identyfikacji uszkodze\u0144\u201d<\/td><\/tr><\/tbody><\/table><figcaption class=\"wp-element-caption\"><br><br><em>Data aktualizacji: 30.10.202<\/em>5<\/figcaption><\/figure>\n","protected":false},"excerpt":{"rendered":"<p>Oddzia\u0142 Nagrodzone prace dyplomowe Oddzia\u0142 PTZP w Bia\u0142ymstoku Oddzia\u0142 PTZP w Bielsku-Bia\u0142ej I miejsce:Karolina JURASZ &#8222;Identyfikacja marnotrawstwa i doskonalenie proces\u00f3w w koncepcji szczup\u0142ego zarz\u0105dzania przedsi\u0119biorstwem&#8222; Wyr\u00f3\u017cnienia:1. Klaudia Habdas \u201eZastosowanie metod odchudzonej produkcji w doskonaleniu proces\u00f3w wytwarzania wi\u0105zek samochodowych\u201d2. Tomasz Jod\u0142owiec \u201eWp\u0142yw motywacji finansowej i pozafinansowej na efektywno\u015b\u0107 pracownik\u00f3w w przedsi\u0119biorstwach produkcyjnych\u201d3. Krzysztof Noworyta \u201eProjektowanie t\u0142ocznika [&hellip;]<\/p>\n","protected":false},"author":1,"featured_media":0,"parent":0,"menu_order":0,"comment_status":"closed","ping_status":"closed","template":"","meta":{"_eb_attr":"","footnotes":""},"class_list":["post-4006","page","type-page","status-publish","hentry"],"blocksy_meta":{"has_hero_section":"default","styles_descriptor":{"styles":{"desktop":"","tablet":"","mobile":""},"google_fonts":[],"version":6}},"featured_image_urls_v2":{"full":"","thumbnail":"","medium":"","medium_large":"","large":"","1536x1536":"","2048x2048":""},"post_excerpt_stackable_v2":"<p>Oddzia\u0142Nagrodzone prace dyplomowe Oddzia\u0142 PTZP w Bia\u0142ymstokuOddzia\u0142 PTZP w Bielsku-Bia\u0142ejI miejsce:Karolina JURASZ &#8222;Identyfikacja marnotrawstwa i doskonalenie proces\u00f3w w koncepcji szczup\u0142ego zarz\u0105dzania przedsi\u0119biorstwem&#8222;Wyr\u00f3\u017cnienia:1. Klaudia Habdas \u201eZastosowanie metod odchudzonej produkcji w doskonaleniu proces\u00f3w wytwarzania wi\u0105zek samochodowych\u201d2. Tomasz Jod\u0142owiec \u201eWp\u0142yw motywacji finansowej i pozafinansowej na efektywno\u015b\u0107 pracownik\u00f3w w przedsi\u0119biorstwach produkcyjnych\u201d3. Krzysztof Noworyta \u201eProjektowanie t\u0142ocznika wielotaktowego z wykorzystaniem analizy kosztu cyklu \u017cycia\u201dOddzia\u0142 PTZP w BydgoszczyI miejsce:Jeremi NICPO\u0143 &#8222;Wsp\u00f3\u0142czesne narz\u0119dzia informatyczne wspomagaj\u0105ce utrzymanie ruchu na przyk\u0142adzie przedsi\u0119biorstwa produkcyjnego&#8222;Wyr\u00f3\u017cnienia:1. Jakub Skorupa \u201eBusiness Process Automation on the Example of an Enterprise\u201d2. Artur Sienkiewicz \u201eZastosowanie arkusza kalkulacyjnego w zarz\u0105dzaniu procesami zaopatrzenia w przedsi\u0119biorstwie produkcyjnym\u201d3. Agata \u0141aska \u201eOrganizacja czasu&hellip;<\/p>\n","category_list_v2":"","author_info_v2":{"name":"Webmaster","url":"https:\/\/ptzp.org.pl\/index.php\/author\/webmaster\/"},"comments_num_v2":"0 comments","_links":{"self":[{"href":"https:\/\/ptzp.org.pl\/index.php\/wp-json\/wp\/v2\/pages\/4006","targetHints":{"allow":["GET"]}}],"collection":[{"href":"https:\/\/ptzp.org.pl\/index.php\/wp-json\/wp\/v2\/pages"}],"about":[{"href":"https:\/\/ptzp.org.pl\/index.php\/wp-json\/wp\/v2\/types\/page"}],"author":[{"embeddable":true,"href":"https:\/\/ptzp.org.pl\/index.php\/wp-json\/wp\/v2\/users\/1"}],"replies":[{"embeddable":true,"href":"https:\/\/ptzp.org.pl\/index.php\/wp-json\/wp\/v2\/comments?post=4006"}],"version-history":[{"count":37,"href":"https:\/\/ptzp.org.pl\/index.php\/wp-json\/wp\/v2\/pages\/4006\/revisions"}],"predecessor-version":[{"id":4313,"href":"https:\/\/ptzp.org.pl\/index.php\/wp-json\/wp\/v2\/pages\/4006\/revisions\/4313"}],"wp:attachment":[{"href":"https:\/\/ptzp.org.pl\/index.php\/wp-json\/wp\/v2\/media?parent=4006"}],"curies":[{"name":"wp","href":"https:\/\/api.w.org\/{rel}","templated":true}]}}